 -5)*1. Let g = 35 + i. Suppose 1 = v - g. Calculate the remainder when 97 is divided by v.
13
Let j(o) = -o**3 + 3*o**2 + 12*o + 9. Calculate the remainder when 1485 is divided by j(-5).
144
Let y = 513 - 548. Let c = y + 74. What is the remainder when c is divided by 2?
1
Suppose -50*g + 11*g + 1322 = -433. Let a be (34/(-8))/(3/(-12)). Suppose f - v = 17, -5*v + 6 = 4*f - a. Calculate the remainder when g is divided by f.
9
Suppose -183 = -4*w + 285. Suppose -957 = -11*i - 1701 + 876. What is the remainder when w is divided by i?
9
Let t be (-15)/(-40)*2*(-6 + 2). Let o(w) = 8*w**2 + 9*w + 9. What is the remainder when o(t) is divided by 11?
10
Let z be (-4)/12*(-29 + -4). Suppose -6*d + z*d = s - 234, -s - d = -264. What is the remainder when s is divided by 53?
47
Let b = 9599 - 9505. Let j = 60 + -38. Calculate the remainder when b is divided by j.
6
Let l be -12*6/(-4) - 0. Suppose -1350 = -7*p - l*p. Calculate the remainder when 57 is divided by p.
3
Let z = -112 + 82. Let w = z + 31. Calculate the remainder when 103 is divided by 0 - (w + (-4 - -7) - 58).
49
Suppose -2*j + 521 = -5*c + 2396, 0 = c - 2*j - 383. Calculate the remainder when c is divided by 55.
43
Let h = -152 - -51. Let m = h + 137. Let k = -116 - -135. Calculate the remainder when m is divided by k.
17
Let d(h) = -h - 18. Let j be d(-22). Calculate the remainder when 128 is divided by -1 + j/3 - (-2466)/54.
36
Let a(f) = -206*f + 1737. Calculate the remainder when a(-20) is divided by 63.
61
Suppose 5*y - 7*x - 168 = -5*x, 0 = 4*y + 2*x - 120. Calculate the remainder when 2173 is divided by y.
29
Suppose 1478 = 7*k - 600 - 1541. Calculate the remainder when k is divided by 87.
82
Let k = 87 + 60. Calculate the remainder when k is divided by (-4)/54 + 812/27.
27
Suppose -2*b - 3*f + 1975 = 0, 0 = -9*f + 4*f + 35. Calculate the remainder when b is divided by 248.
233
Suppose -3*a = -6*a - 3*f + 1722, 0 = -2*a - 3*f + 1148. Let h(d) = 47*d + 1223. What is the remainder when a is divided by h(-25)?
46
Let x = 21 + -11. Suppose 17*t = 78 - x. Suppose -5*o = -t*o - 6. Calculate the remainder when 21 is divided by o.
3
Suppose -144 = -b - 5*l, -5*b + 676 = 72*l - 69*l. Calculate the remainder when 2416 is divided by b.
4
Let b = -25 + 43. Let r = -341 + 62. Let k = r + 328. Calculate the remainder when k is divided by b.
13
Let z be ((-1)/(-2))/(2/(-4)). Let h = 543 + -412. Calculate the remainder when h/(-2)*2*(z - 0) is divided by 19.
17
Let v(i) = -i**3 + 11*i**2 - 3*i + 38. Let y be v(11). Suppose -y*o = -g - 4 + 33, -o - 17 = -g. Calculate the remainder when 48 is divided by g.
6
Suppose 190 = -13*b + 827. What is the remainder when (-10)/15*(-1)/(3/684) is divided by b?
5
Let o(j) = 3*j + 17. Let n be o(-15). Let p(i) = 2*i**2 + 56*i + 19. Calculate the remainder when 29 is divided by p(n).
10
Suppose 0 = -2*c + 41 - 25. Suppose -171 = -c*o - o. Suppose w = p - 2*w - o, -76 = -4*p + 4*w. What is the remainder when 70 is divided by p?
13
What is the remainder when (-164 - -27)*(4 - 6) is divided by 257?
17
Let o = 390 + -321. Suppose x = -0*x + 7. What is the remainder when o is divided by x?
6
Let q(h) = -9*h**3 - h**2 + 3*h - 3. Let x be q(-3). Let a = x - 207. What is the remainder when 50 is divided by a?
5
Let j(g) be the second derivative of 2*g**3 - 60*g**2 - 2*g. Calculate the remainder when 82 is divided by j(13).
10
Suppose 4*y - 404 = -3*t, -3*t - 2*t - 5*y + 665 = 0. Suppose 6*w - 4*w - 20 = 0. Calculate the remainder when t is divided by w.
8
Suppose h = -7*k + 3*k + 941, 2855 = 3*h + 4*k. Calculate the remainder when h is divided by 32.
29
Suppose 0 = 2*p + 3*g - 25 + 7, p = 3*g + 27. Suppose 0 = o + 2*o - 57. Calculate the remainder when (6 + -96)*p/(-25) is divided by o.
16
Let d be (-54)/(-135) - 2888/(-5). Let z = d - 341. Calculate the remainder when z is divided by 24.
21
Suppose 82*a + 2*q = 87*a - 2562, 4*a - 2*q - 2052 = 0. What is the remainder when a is divided by 179?
152
Let g(o) = 345*o**2 - 25*o - 8. Calculate the remainder when g(-2) is divided by 23.
19
Suppose -119 = -2*o - 1. Let g = 258 - 204. Suppose 315 = -g*y + o*y. Calculate the remainder when y is divided by 8.
7
Suppose -3*s - 9 = 3*h, 0 = -0*s + 2*s - 3*h + 21. Calculate the remainder when (-9432)/(-192) + (-1)/8 is divided by (-3 - -1)*39/s.
10
What is the remainder when (-11 - 5616/(-14)) + (-6)/(-7) is divided by 174?
43
Let s be 37/7 + (2 - (-48)/(-21)). Suppose -s*g + 192 = -3*x, -2*g + x + 77 = -0*x. Calculate the remainder when g is divided by 6.
3
Let l(g) = -38*g + 422. What is the remainder when l(7) is divided by 7?
2
Let s = -9 + 14. Suppose 85 = 3*h + 5*f, -s*h - 5*f = -3*f - 129. Calculate the remainder when -1 + 16*3 - 0 is divided by h.
22
Suppose 2*y = -10, 3*y = -l + 6*l - 60. What is the remainder when 23/6*(-20 - -32) is divided by l?
1
Suppose 7 = 5*n + 2. Suppose 0*o - 2*o = -20. Calculate the remainder when 0/n + -3 + 41 is divided by o.
8
Let f(r) = r**3 + 7*r**2 - 2*r - 14. Let j be 29/(-4) + 9/36. Let u be f(j). Suppose 2 = w - u. Calculate the remainder when 12 is divided by w.
0
Suppose 0 = -5*r + 2*f + 437, -r - f = -123 + 37. Calculate the remainder when 980 is divided by r.
23
Suppose 4*o + 794 = 3*j, -262 = 2*j - 3*j + 2*o. Suppose 92 = 2*z - 198. Let q = j - z. What is the remainder when q is divided by 32?
29
Let f = 1 + 4. Suppose 12 = -f*q - 5*t + 2, 5*t = -2*q + 2. What is the remainder when 1/((-3)/(504/q)) is divided by 12?
6
Suppose 6*g - 279 = -5*z + 76, 0 = -5*g - 2*z + 285. Calculate the remainder when 382 is divided by g.
52
Let q(r) be the first derivative of -r + 3 + r**2 + 67/3*r**3. Calculate the remainder when q(1) is divided by 23.
22
Calculate the remainder when ((-1)/(1/1))/(9/(-315)) is divided by (-44)/(-3) - (-8)/24.
5
Let n = -14418 + 22515. Calculate the remainder when n is divided by 135.
132
Let k(p) = 18*p + 7. Let f be k(6). Suppose v - 5*y + y - 25 = 0, 0 = -5*v + 3*y + 40. Suppose -v*n + f = -210. Calculate the remainder when n is divided by 11.
10
What is the remainder when ((-17)/((-408)/18) + (-7)/4)*-291 is divided by 45?
21
Suppose -168*x + 24 = -164*x. Let b = -53 - -75. What is the remainder when b is divided by x?
4
Let d = -1420 - -1613. Calculate the remainder when d is divided by 73.
47
Suppose 4*a - 4049 = -5*y + 143, 0 = -3*a + 3*y + 3144. What is the remainder when a is divided by 75?
73
Suppose 0 = 3*j + 2*j - 185. Let n = -506 + 525. What is the remainder when j is divided by n?
18
Suppose 4*f + i + 223 = 845, -130 = -f + 4*i. What is the remainder when 10931 is divided by f?
151
Suppose 38*q - 19614 - 59336 = -2418. Calculate the remainder when q is divided by 28.
26
Let q = 167 + -75. Let j(w) be the third derivative of w**6/120 + w**5/12 - 7*w**4/6 - 8*w**3/3 - 32*w**2 + 1. What is the remainder when q is divided by j(-8)?
12
Let s(d) = 5*d**2 - 13*d - 31. Calculate the remainder when s(-8) is divided by 25.
18
Let y = 148 + -105. Let k = -4 + y. Suppose -5*z + 13 + 27 = 0. What is the remainder when k is divided by z?
7
Suppose 2174 + 40424 = 215*d - 44692. What is the remainder when 1642 is divided by d?
18
Let s be (4/(-48)*-20)/(5/12). Suppose 0*r - s*r = -3*p - 752, -r + 187 = -p. Calculate the remainder when r is divided by 18.
11
Suppose 5*l - 60 = -4*x + 10*l, 4*x = -5*l + 20. Let i = -9 + 15. Calculate the remainder when i is divided by (-1*x)/(3/(9/(-6))).
1
Let y(v) = -v**2 - 14*v - 7. Suppose 27 = -g - 2*g. Suppose 13*q = 26*q - 273. Calculate the remainder when y(g) is divided by q.
17
Calculate the remainder when 1500 is divided by (-17530)/(-46) - 1332/15318.
357
Suppose -763 = -4*h + g - 115, 0 = h - 4*g - 162. What is the remainder when h is divided by 70?
22
Let m(u) = 11*u**2 + 325*u - 123. Calculate the remainder when 3587 is divided by m(-30).
23
Suppose -32*t - 29*t + 702 = -4422. Calculate the remainder when 240 + 1 - 9/(-9) is divided by t.
74
Let t be 1/((-2)/6*-1). Suppose t*o + 4*p - p - 54 = 0, 5*p - 42 = -2*o. Suppose -7615 + 7801 = 3*i. What is the remainder when i is divided by o?
14
Let r be 5*(-6)/180 + (-19)/(-6). Calculate the remainder when 1365 is divided by (r + 9)/3*19.
73
Let i(g) = 3*g**2 - 11*g - 123. Suppose -3*y - 464 + 428 = 0. Calculate the remainder